 - 2. Is i composite?
False
Let n = 1812 + -1123. Is n prime?
False
Suppose 25*o + 3846 = 27*o. Is o composite?
True
Let i = 6 - 2. Suppose -2*v = -34 - i. Is v composite?
False
Suppose 4*v - 2*v - 1341 = z, -z + 1335 = 2*v. Suppose -3*g = 5*d - 2003, 0*g - g - 2*d = -v. Let s = g + -458. Is s composite?
True
Let a be (-4 - -3)/(1/(-3)). Suppose a*w - 25 = -127. Let i = 116 + w. Is i composite?
True
Suppose -5*l - 4*h + 65 = 0, 9 = -0*l + 2*l + 5*h. Suppose 5*z + l = -3*j + 2, 0 = -5*j + 4*z - 62. Let a(i) = -18*i - 1. Is a(j) a composite number?
False
Let f = -31 + 19. Is (-4)/f - 2270/(-3) a prime number?
True
Suppose 4 = -0*m + m. Suppose -5*c + m*c + 34 = 0. Is c composite?
True
Suppose -18*c + 3*c + 21975 = 0. Is c composite?
True
Let c(p) = 16*p**2 + 7*p - 12. Is c(7) prime?
True
Let f be (220/15)/(4/6). Suppose 5*l + f = -3, -m + 151 = 2*l. Is m a composite number?
True
Let i = 14 + -17. Let s(l) = -8*l**3 + 2*l**2 - 3*l + 4. Is s(i) a prime number?
False
Let i(c) = 3*c**2 - 3*c - 1. Let y be -2*(-4)/6*-3. Let p be y/16 - 11/4. Is i(p) a prime number?
False
Suppose -2835 = -2*i + 5*h, 9*i - 4*i - 7030 = h. Is i composite?
True
Let m(x) = 20*x + 3. Is m(1) a prime number?
True
Let y be -1 + 1 + -32 + -1. Let o = y - -118. Is o prime?
False
Suppose -4*b = -0*b - 308. Suppose b = i - 0*i. Is i prime?
False
Let q(o) = 4*o**2 + 2*o + 9. Let t = -11 + 4. Is q(t) prime?
True
Suppose 3*l - l = 1524. Is l/(-24)*(-1 - 3) a prime number?
True
Is (-1)/((-2800)/(-934) - 3) prime?
True
Let q = 137 - 40. Is q a composite number?
False
Let y(n) = 187*n**2 + 7*n + 19. Is y(-2) a prime number?
False
Let o = 2 - -4. Suppose -p - 445 = -o*p. Is p prime?
True
Is (7898/(-3))/(6/(-9)) a composite number?
True
Let g be 8/(-12)*27/(-6). Let y(w) = 14*w**2 - 3*w - 2. Is y(g) a composite number?
True
Let m be -1*3*(-8)/12. Suppose 71 = 3*w + m. Is w a composite number?
False
Suppose 10*s - 4795 = 5*s. Is s a composite number?
True
Let p(b) = 2*b**2 - 10*b + 11. Let r be ((-10)/15)/(2/(-24)). Let t be p(r). Suppose -n + 20 + t = 0. Is n a prime number?
True
Let h(z) = z**3 - 3*z - 1. Let j be h(-2). Let x = j + 3. Suppose x = -4*q + 191 + 317. Is q composite?
False
Let n be -1 + (-1 - 5)/(-1). Let h be 7/28 + (-7)/(-4). Suppose 2*l + 10 = 3*u + 27, 0 = h*l - n*u - 15. Is l a prime number?
False
Let d = 0 + 2. Let y(p) = -52*p - 1. Let n be y(d). Let w = 190 + n. Is w a prime number?
False
Let v = 117 + -190. Let l = v - 149. Is (-4)/(-6)*l/(-4) composite?
False
Is (-6650)/(-21) - (-1)/3 prime?
True
Is (-3)/4 + (-455)/(-20) prime?
False
Let d be (-9)/(-3)*(-2)/(-3). Let n(r) = r**2 + 6*r**3 + 2 - 1 - 2*r - 3*r**d + 6*r**3. Is n(2) a composite number?
True
Suppose -3*y = -0*y - 555. Suppose 307 = 5*x - 0*z + 4*z, -y = -3*x - 2*z. Suppose l = -5*w + 100, -4*w - x = -6*w - 5*l. Is w a prime number?
True
Let m(g) = g**3 + 4*g**2 + 2*g - 3. Let s be m(-3). Suppose 3*p + s*p + 2*f = 670, -f - 1108 = -5*p. Is (2/(-4))/((-3)/p) composite?
False
Suppose 1236 = p + 2*y, 2*p - 972 - 1501 = -5*y. Is p prime?
False
Let j = 618 - -223. Is j composite?
True
Let x = 4426 - 2583. Is x a composite number?
True
Let q = -4 - -9. Suppose -q*y - 5 = -10*y. Is (-3 - y*-4)*58 a composite number?
True
Let t(v) = v - 9. Let z be t(9). Let p be (-1 - z)/1 + 1. Suppose p = -5*s - 26 + 76. Is s prime?
False
Suppose 3*f - 4 = -3*j + 17, -4*j - 5*f + 25 = 0. Let i(o) = 19*o + 7. Let a be i(j). Let p = -100 + a. Is p composite?
False
Let n(b) = -b + 6. Let d be n(4). Suppose w = -q + 1, -q = -d*w + 2*q + 27. Is w composite?
True
Suppose 3*h - 4*d = 182, -d - 60 = -h - 0*d. Let z = 15 - -12. Is h/18 - 6/z a prime number?
True
Suppose -x + 57 + 127 = 0. Let m(r) = -3*r**2 - 7*r - 7. Let p be m(-7). Let c = p + x. Is c prime?
True
Let p(t) = -6*t + 5. Let h(f) = -f. Let a(b) = h(b) + p(b). Is a(-4) a composite number?
True
Let r(p) = 6*p - 1. Let x be r(3). Let y be 5/((2/x)/2). Let w = y + 12. Is w composite?
False
Let j = -335 + 1248. Is j prime?
False
Suppose 0 = -z - 2*z. Suppose z*a = -a. Suppose 153 = 4*l - k, k - 106 = -3*l - a*k. Is l composite?
False
Suppose -4 = 2*c - 14. Suppose 6*u = c*u. Suppose u = -4*t + 2*t + 20. Is t a composite number?
True
Suppose 3*i = -824 + 5525. Is i prime?
True
Suppose 6*v - 23 = 3*v - 2*l, -4*l = 5*v - 41. Suppose 115 = v*a - 0*a. Is a a prime number?
True
Let t(y) = y**3 + 9*y - 12. Let g be t(6). Suppose -v - g = -o, 2*o - 5*o + 768 = 3*v. Is o a composite number?
False
Let s be 20/25*(-10)/1. Let n = 30 + s. Is n a composite number?
True
Suppose -182 - 146 = -2*x. Suppose -x = -2*d + 770. Is d composite?
False
Let s(h) = -15*h + 1. Let t(o) = o + o - 3*o. Let f(i) = -s(i) + 3*t(i). Is f(3) a composite number?
True
Suppose 0 = 4*n - 20 - 0. Suppose -369 = -f + q + q, -n*q = -3*f + 1112. Is f prime?
True
Let v = 244 + 15. Is v composite?
True
Suppose 0 = n - 0*n - 5. Suppose 2*q + 4*d - 30 = 2, -n*q + 5*d = -35. Is q a prime number?
False
Suppose -777 = -8*z + 5*z. Is z composite?
True
Let k be (-3)/(-6) - 1/2. Suppose -4*t + 62 = 2*i, k = -3*i + t + 73 + 13. Let q = -8 + i. Is q a composite number?
True
Let v = -18 - -20. Suppose -v*u + 21 = -381. Is u prime?
False
Suppose -2*m = -m. Suppose -4*g = -m*g - 8. Suppose -3*h + 105 = -g*x, 4*h + 0*h = -5*x + 140. Is h prime?
False
Suppose -2*u - 9 = 1. Let q be 10/25 + 7/u. Is (-219)/(-4) + q/(-4) composite?
True
Suppose 5*u = -4*i + 3*i + 9202, -3*i - 9 = 0. Is u a prime number?
False
Let t be 2 - ((-18)/(-3) - 0). Is (-66)/(-9)*(-78)/t a prime number?
False
Let k(q) = q**2 + q + 1. Let g(z) = -129*z**2 + 5*z + 4. Let w(n) = -g(n) + 3*k(n). Let a be 0/3 + (-2)/2. Is w(a) prime?
False
Let h(f) = f**2 + 4*f - 6. Let t be h(-5). Let p(x) = -2*x**3. Let w be p(t). Suppose 131 = -w*n + 5*n - 2*r, 213 = 4*n + 5*r. Is n a prime number?
True
Suppose -2*k - 8 = 2*k. Let j(a) = 2*a**2 - a. Is j(k) a prime number?
False
Let v = 0 - -3. Suppose -j + 8 = l + 1, -5*j + 3*l = -v. Is j a composite number?
False
Is (-9)/18*(-188)/2 a composite number?
False
Suppose 4*q + 4*y - 28 = 0, -6 = -2*y - y. Suppose 2*a + 5*s = 44, -q*a + s + 36 + 20 = 0. Suppose 2*o = j - a, 5*j + 2*o + 0*o - 48 = 0. Is j prime?
False
Suppose -3*v - 2 = -20. Let y = 29 - v. Is y prime?
True
Suppose -4*m + 3765 = m. Is m prime?
False
Let m = -1332 + 2813. Is m composite?
False
Suppose 0 = -y + 4 - 2. Suppose 5*j - 792 = 2*q, -j + 328 = j + y*q. Let c = j + -95. Is c a prime number?
False
Let i = 458 - 271. Is i a prime number?
False
Let y be -6 + (2 - 2)/(-3). Let p = -1 - y. Suppose 4*f - 87 = -a, 83 - 203 = -5*f - p*a. Is f a composite number?
True
Let s be 538/(-4) + (-9)/6. Is (0 - 1) + (-2 - s) composite?
True
Suppose -5*h + 16135 = 5*d, 0 = -3*h - 5*d + 2090 + 7587. Is h a composite number?
False
Is (-2)/(4*3/(-114)) a prime number?
True
Suppose -4*l = -847 - 517. Is l a prime number?
False
Let r(t) = 2*t**2 - 4*t - 5. Is r(5) a prime number?
False
Suppose 3*r - 3*l - 480 = 0, 0*r + 3*r - 4*l = 479. Is r prime?
False
Let h = -1 - -3. Suppose h*y + 1048 = 6*y - 4*d, 3*d = y - 272. Is y prime?
True
Suppose 180 = z + 39. Is z a prime number?
False
Suppose 4*g = g. Suppose 5*z = s + 73, -5*z + 10*s - 5*s + 65 = g. Is (4/(-2) - z)*-11 prime?
False
Let k be 6*(-1)/((-2)/(-8)). Let l = k - -47. Is l a composite number?
False
Let i = -39 - -34. Let x = 6 + 14. Is (-2)/i - (-1332)/x prime?
True
Let s(u) = u**3 + u**2 + 33. Let c be s(0). Let t = c + -23. Is t prime?
False
Suppose -i = -9*i + 152. Is i a composite number?
False
Let m = 389 + 474. Is m a prime number?
True
Let i(q) = -q**2 + 11*q - 13. Let a be i(10). Is a*68/(-36)*15 composite?
True
Suppose 0 = 3*d - 4*w + 6, 2*d - 4*w = 6*d - 20. Let x be (8/(-1)*-1)/1. Let f = x - d. Is f a prime number?
False
Let w = 421 - 267. Suppose 0 = -i + 3*i - w. Is i composite?
True
Let r(q) = q**2 + 5*q - 7. Is r(10) a composite number?
True
Let t(b) = -13*b - 6. Let p(a) = a + 1. Let w be p(-5). Let c be t(w). Suppose 4*l = -v + 3 + c, 5*v - 14 = l. Is l a prime number?
True
Suppose -u + w + 872 = 0, 7*w - 4*w = 5*u - 4354. Is u a composite number?
True
Let s be (4 - 8)*1/(-2). Suppose s*g = 7*g - 195. Is g a prime number?
False
Suppose -20 = 5*k, -5*k - 2584 = -4*w - 0*k. Is w prime?
True
Suppose -5*c - 